hat is the hundred thousands digit of 440994?
4
What is the units digit of 12845968?
8
What is the ten thousands digit of 1309127?
0
What is the thousands digit of 1036656?
6
What is the hundreds digit of 14326100?
1
What is the hundreds digit of 2037769?
7
What is the hundreds digit of 99520?
5
What is the units digit of 16658022?
2
What is the thousands digit of 1087310?
7
What is the thousands digit of 130196?
0
What is the hundreds digit of 1247049?
0
What is the units digit of 358938?
8
What is the ten thousands digit of 355239?
5
What is the hundreds digit of 1713290?
2
What is the hundred thousands digit of 4863307?
8
What is the units digit of 4133?
3
What is the hundred thousands digit of 1337169?
3
What is the hundreds digit of 54136?
1
What is the hundreds digit of 23378?
3
What is the hundred thousands digit of 5821998?
8
What is the hundreds digit of 490290?
2
What is the thousands digit of 4241433?
1
What is the thousands digit of 6136366?
6
What is the units digit of 438264?
4
What is the hundreds digit of 367179?
1
What is the ten thousands digit of 128194?
2
What is the thousands digit of 472105?
2
What is the hundred thousands digit of 1988916?
9
What is the tens digit of 337624?
2
What is the units digit of 2351346?
6
What is the hundreds digit of 4345090?
0
What is the units digit of 115350?
0
What is the thousands digit of 13089267?
9
What is the hundreds digit of 2854112?
1
What is the thousands digit of 513028?
3
What is the tens digit of 2685921?
2
What is the tens digit of 55059?
5
What is the millions digit of 1587711?
1
What is the tens digit of 1408878?
7
What is the tens digit of 2448570?
7
What is the ten thousands digit of 1588287?
8
What is the ten thousands digit of 16354424?
5
What is the hundreds digit of 15628100?
1
What is the hundreds digit of 2941371?
3
What is the units digit of 277652?
2
What is the millions digit of 13669777?
3
What is the units digit of 13905196?
6
What is the hundred thousands digit of 264107?
2
What is the units digit of 229230?
0
What is the tens digit of 328029?
2
What is the units digit of 1022690?
0
What is the millions digit of 5907840?
5
What is the units digit of 1965408?
8
What is the thousands digit of 16734?
6
What is the tens digit of 6670526?
2
What is the ten thousands digit of 165305?
6
What is the units digit of 3627114?
4
What is the units digit of 135173?
3
What is the hundred thousands digit of 3171293?
1
What is the units digit of 623400?
0
What is the units digit of 698741?
1
What is the hundred thousands digit of 4333586?
3
What is the thousands digit of 4272643?
2
What is the units digit of 955404?
4
What is the units digit of 569941?
1
What is the units digit of 3202239?
9
What is the hundred thousands digit of 1183412?
1
What is the hundred thousands digit of 12395768?
3
What is the units digit of 50965?
5
What is the tens digit of 3550816?
1
What is the hundreds digit of 1400424?
4
What is the millions digit of 2458039?
2
What is the tens digit of 423359?
5
What is the units digit of 5644848?
8
What is the tens digit of 24849?
4
What is the millions digit of 19555489?
9
What is the thousands digit of 134306?
4
What is the thousands digit of 2002259?
2
What is the hundreds digit of 182777?
7
What is the hundreds digit of 2061933?
9
What is the hundreds digit of 405556?
5
What is the hundred thousands digit of 8443911?
4
What is the tens digit of 21307003?
0
What is the hundreds digit of 8570462?
4
What is the thousands digit of 773859?
3
What is the thousands digit of 1465673?
5
What is the hundred thousands digit of 186833?
1
What is the thousands digit of 803720?
3
What is the thousands digit of 77835?
7
What is the units digit of 164509?
9
What is the ten thousands digit of 1995375?
9
What is the ten thousands digit of 157094?
5
What is the units digit of 92599?
9
What is the tens digit of 194239?
3
What is the hundred thousands digit of 248858?
2
What is the hundred thousands digit of 15080000?
0
What is the hundred thousands digit of 126418?
1
What is the thousands digit of 45598?
5
What is the units digit of 539155?
5
What is the thousands digit of 587860?
7
What is the units digit of 1906493?
3
What is the hundred thousands digit of 9036543?
0
What is the units digit of 1517091?
1
What is the ten thousands digit of 58842?
5
What is the thousands digit of 4053?
4
What is the ten thousands digit of 3696829?
9
What is the hundred thousands digit of 502904?
5
What is the hundreds digit of 450483?
4
What is the ten thousands digit of 68067?
6
What is the ten thousands digit of 15162875?
6
What is the tens digit of 26549746?
4
What is the tens digit of 137850?
5
What is the ten thousands digit of 102623?
0
What is the thousands digit of 232775?
2
What is the tens digit of 793743?
4
What is the units digit of 3654?
4
What is the thousands digit of 3749889?
9
What is the millions digit of 2151625?
2
What is the units digit of 631302?
2
What is the hundred thousands digit of 38403777?
4
What is the hundreds digit of 4628247?
2
What is the ten thousands digit of 277984?
7
What is the hundreds digit of 1045299?
2
What is the thousands digit of 1657275?
7
What is the thousands digit of 526450?
6
What is the thousands digit of 16171?
6
What is the tens digit of 4894697?
9
What is the thousands digit of 1478091?
8
What is the thousands digit of 64856?
4
What is the units digit of 487380?
0
What is the ten thousands digit of 11981744?
8
What is the tens digit of 330104?
0
What is the ten thousands digit of 1269542?
6
What is the hundreds digit of 783543?
5
What is the thousands digit of 202277?
2
What is the millions digit of 10524385?
0
What is the units digit of 19104?
4
What is the tens digit of 15795868?
6
What is the tens digit of 60560?
6
What is the units digit of 607899?
9
What is the hundreds digit of 4585565?
5
What is the hundreds digit of 12566921?
9
What is the hundreds digit of 3418582?
5
What is the millions digit of 13790750?
3
What is the thousands digit of 7683?
7
What is the units digit of 618809?
9
What is the ten thousands digit of 11876154?
7
What is the ten thousands digit of 62105?
6
What is the hundreds digit of 1397799?
7
What is the hundred thousands digit of 2955552?
9
What is the hundred thousands digit of 4233984?
2
What is the ten thousands digit of 11002799?
0
What is the tens digit of 4888204?
0
What is the ten thousands digit of 222116?
2
What is the hundreds digit of 336024?
0
What is the units digit of 140430?
0
What is the ten thousands digit of 139082?
3
What is the ten thousands digit of 87873?
8
What is the hundreds digit of 19672754?
7
What is the ten thousands digit of 139682?
3
What is the hundreds digit of 596555?
5
What is the hundreds digit of 19468387?
3
What is the ten thousands digit of 378808?
7
What is the ten thousands digit of 610246?
1
What is the millions digit of 1537841?
1
What is the tens digit of 4695877?
7
What is the hundreds digit of 1916658?
6
What is the tens digit of 1750?
5
What is the thousands digit of 30166?
0
What is the millions digit of 2025598?
2
What is the thousands digit of 2894383?
4
What is the units digit of 3899867?
7
What is the units digit of 535549?
9
What is the ten thousands digit of 1812303?
1
What is the millions digit of 1719042?
1
What is the ten thousands digit of 6162345?
6
What is the units digit of 40170528?
8
What is the ten thousands digit of 290846?
9
What is the tens digit of 2050033?
3
What is the hundred thousands digit of 684813?
6
What is the units digit of 1010221?
1
What is the ten millions digit of 13485312?
1
What is the tens digit of 143140?
4
What is the hundred thousands digit of 11532413?
5
What is the thousands digit of 6811565?
1
What is the tens digit of 4477893?
9
What is the hundred thousands digit of 5785232?
7
What is the units digit of 219062?
2
What is the hundreds digit of 6380255?
2
What is the hundreds digit of 4377624?
6
What is the thousands digit of 426708?
6
What is the hundreds digit of 1258094?
0
What is the millions digit of 3501873?
3
What is the hundred thousands digit of 9983977?
9
What is the millions digit of 16876233?
6
What is the ten thousands digit of 824785?
2
What is the millions digit of 5772410?
5
What is the hundreds digit